 u = 831 + -794. Suppose 95*z = u*z + 13224. List the prime factors of z.
2, 3, 19
Let n(b) = -3*b**3 - 19*b**2 - 5*b - 20 + 5*b + 8*b + 4*b**3. List the prime factors of n(19).
2, 3, 11
Suppose -16*c - 3490 = -5*m - 20*c, -5*c + 2783 = 4*m. Suppose -2*h + m = 48. What are the prime factors of h?
3, 109
Let h = -10910 + 15306. What are the prime factors of h?
2, 7, 157
Suppose -2*v = -j + 8, 2*v + 5*j = 4*j - 16. List the prime factors of ((-2146)/v - -5) + (-4)/6.
2, 181
Let w be -231 - (-3 - 12/(-3)). Suppose 5*d = -0*x - x - 157, -d - 713 = 5*x. Let v = x - w. What are the prime factors of v?
2, 3, 5
Suppose -119 + 77 = -7*m. List the prime factors of 4329/m - 13/(-26).
2, 19
Suppose 328 = 4*c + 2*o, 0*c - 413 = -5*c - 4*o. Let g(j) = -6*j**2 + 16*j**2 + 75 + j**3 - c. List the prime factors of g(-9).
3, 5
Suppose -4*x = -24 + 8. Suppose -x*s + 893 = -615. List the prime factors of s.
13, 29
Let b(h) = 11*h**3 - 8*h**2 + 44*h - 447. What are the prime factors of b(9)?
2, 3, 5, 61
Let t(l) = 382*l**3 + 7*l**2 - 78*l + 165. What are the prime factors of t(4)?
24413
Suppose 3*n + 13 = -2*r, -29*r - 20 = 4*n - 25*r. Let i(q) = -185*q + 84. List the prime factors of i(n).
3, 71
Suppose -201*c = -260*c + 342318. What are the prime factors of c?
2, 3, 967
Let m(x) = 5*x + 1524. List the prime factors of m(68).
2, 233
Let p be (-4 - -1) + 154 + -4. Let u = 53 - -16. Let a = p - u. List the prime factors of a.
2, 3, 13
Suppose 5*l = 2*l. Suppose -v + 140 = 2*v + 5*w, l = 2*v + 2*w - 92. What are the prime factors of v?
3, 5
Let n(w) = -w**3 - 65*w**2 + 53*w - 950. List the prime factors of n(-70).
2, 5, 31
Suppose 0 = 3*i + 2*l - 7869 - 15266, 3*i = 3*l + 23130. What are the prime factors of i?
11, 701
Let z(g) = 612*g + 1105. What are the prime factors of z(3)?
17, 173
Suppose -2*n = s + 7531, -6594 = 5*n - s + 12251. List the prime factors of 6/(-4)*n/9.
2, 157
Let z = 332 + -332. Suppose 4*x = -a + 43, -2*a - x + 18 + 96 = z. List the prime factors of a.
59
List the prime factors of (342/4)/(((-2205)/600)/(-49)).
2, 3, 5, 19
List the prime factors of (189149268/399)/22 + (-4)/38.
2, 5387
Let l(f) = f**3 - f**2 - f - 5. Let d be l(5). What are the prime factors of (-5644)/(-10) - (-54)/d?
5, 113
Let j = -36 - -41. Suppose -j*u - i + 11 = -10, -17 = -5*u - 2*i. Suppose 0 = 5*z - 25, -u*a + 4*a = 3*z - 26. List the prime factors of a.
11
List the prime factors of (-232752)/(-28) - 3 - 3/(-7).
2, 3, 5, 277
Let c(f) = 14*f**2 - 26*f + 1011. List the prime factors of c(48).
3, 13, 821
Let j = 82235 - 42491. List the prime factors of j.
2, 3, 23
Let u(c) = -1053*c - 378. List the prime factors of u(-5).
3, 181
Suppose -4754 = 2*a + 4*f - 43738, a - 5*f - 19527 = 0. List the prime factors of a.
2, 7, 199
Suppose -i + 3 + 8 = 0. Let b be i/(-22) - (-14)/4. Suppose b*u - 105 - 72 = 0. List the prime factors of u.
59
Let m be 22/(-66) - (-763)/3. Suppose -5*c = -5*s - 3605, -c - 4*s + 487 = -m. What are the prime factors of c?
5, 29
Let m be 0 - (3 - 2 - 13). Suppose -17 = -o - m. Suppose -4 = o*p + 11, 4*d - 5*p = 79. What are the prime factors of d?
2
Let n = 402 + -302. Suppose -n*f + 117*f = 19227. List the prime factors of f.
3, 13, 29
Suppose 3*v = 9*v + 3048. Let h = v + 898. What are the prime factors of h?
2, 3, 5, 13
Suppose 14*s - 492006 = -11*s - 18*s. What are the prime factors of s?
2, 3, 1907
Suppose 180*t - 288 = 177*t. Let b = t + -14. List the prime factors of b.
2, 41
Suppose 0 = 4*y - 2*g - 2, -3*y - 12 = 3*g. Let u(l) = -1181*l**3 - 3*l**2 - 5*l - 3. List the prime factors of u(y).
2, 5, 59
Let u(b) = b**3 + 10*b**2 + 15*b - 2. Let s be u(-8). Let i(r) = 6*r**3 - 4*r**2 - 6*r - 14. List the prime factors of i(s).
2, 19, 29
Suppose 5*l + 22*o - 74477 = 25*o, -o = l - 14889. What are the prime factors of l?
53, 281
What are the prime factors of 3/((648/53888)/27)?
2, 421
Let c = 526 - 532. What are the prime factors of (1*1570)/(0 + c/(-3))?
5, 157
Let o(s) = 2*s**2 + s + 1. Let r be o(1). Suppose -5*p - 2 = u, 5*u + r*p + 7 = 6*u. Suppose 3 = -2*h + 5*h, -2*t + u*h = -215. What are the prime factors of t?
109
Let m = -13321 + 19215. List the prime factors of m.
2, 7, 421
Let a be -2 - -1 - (0 - (-5 - -14)). Suppose 16340 = 18*d - a*d. What are the prime factors of d?
2, 19, 43
Suppose -46*h - 10 = -10. Suppose -3*z + 34 = -5*m, -5*z + z = -4*m - 32. Suppose 5*r - 28 = -5*x + 262, z*r = h. What are the prime factors of x?
2, 29
Let c be (-9)/15 - (-288)/(-45). What are the prime factors of (-755)/c - (-10)/70?
2, 3
Let a = 905 + 1. Suppose 3*r = -4*h + a, h - 78 - 224 = -r. List the prime factors of r.
2, 151
Let s(f) = f**3 - 8*f**2 - 10*f + 14. Let w be s(9). Suppose w*n = 7*n - 144. Suppose -n = -5*a - 22. What are the prime factors of a?
2, 5
Suppose a - 4*r = 4072, -7*r - 4054 = -a - 9*r. List the prime factors of a.
2, 5, 7, 29
List the prime factors of ((14 - -3)/(-68))/(2/(-9176)).
31, 37
Let i be (-3 + -11)/(2/(-6)). Let q = 46 - i. Suppose -37 = q*m - 205. List the prime factors of m.
2, 3, 7
Let r be 4*(-3)/(-18) + (-13)/(-3). Suppose 0 = -4*k + 2*f + 3*f - 30, -k - 20 = r*f. List the prime factors of (k - -9)*((-1)/(-1) - 69).
2, 17
Suppose 0 = 48*v - 36*v - 120. Suppose 4*r = 9*r - v, -2640 = -2*t + 4*r. What are the prime factors of t?
2, 331
Suppose 34*r - 31*r - 20*r + 1073091 = 0. What are the prime factors of r?
3, 53, 397
Let v(f) = 2 + 69*f - 4 - 72*f - 2. What are the prime factors of v(-7)?
17
Let h(k) = -90*k + 4. Let w be h(-1). Let o = w + 3. Suppose 7*j + o = 489. List the prime factors of j.
2, 7
Let z(v) = 6*v**2 - 11*v + 2. Let g(n) = 18*n**2 - 32*n + 7. Let u(y) = -6*g(y) + 17*z(y). Let k be u(4). Let s = k - -156. What are the prime factors of s?
2, 3
Suppose 4*d = 2*s + 14, 4*s + s + 4*d = 35. Suppose 0 = -5*x + 2*t - 402, x + 48 = -89*t + 84*t. List the prime factors of x/(9/6 - s).
2, 13
Let l = 52084 - 24579. What are the prime factors of l?
5, 5501
Let b = 44129 + -16123. What are the prime factors of b?
2, 11, 19, 67
What are the prime factors of ((-152)/24)/(17/(-21675))?
5, 17, 19
Let v(p) = p**3 + 24*p**2 - 45*p - 7. What are the prime factors of v(15)?
8093
Suppose -4*p = 0, 3*f + 0*p - 156 = p. Suppose -13*a - 20241 = -f*a. What are the prime factors of a?
3, 173
Let t = -158 + 167. Let g(s) = 17*s**2 - 24*s + 85. What are the prime factors of g(t)?
2, 7, 89
Let p(a) = -2 + 8*a - 16*a**2 + 18*a**2 - 7*a + 23*a**2. Let v be p(-4). Suppose -5*m + 3*d + v = 0, 0*m + 3*d = -2*m + 145. List the prime factors of m.
7, 11
Let i(o) = -4*o + 4*o + 38 - 4*o - o + 167. List the prime factors of i(-35).
2, 5, 19
Let y(r) = -450*r - 111. What are the prime factors of y(-14)?
3, 2063
Suppose 3*b + 5*l = 2*b + 855, 4*b - 5*l = 3320. Let n = b - 309. What are the prime factors of n?
2, 263
Suppose -4*c + 56 + 416 = 0. Suppose j - c = 43. List the prime factors of j.
7, 23
Suppose 0 = -76*l + 138571 + 188381. List the prime factors of l.
2, 3, 239
Let z = -1258 - -11363. What are the prime factors of z?
5, 43, 47
Suppose 210 = 2*f - 4*b, -4*f + 2*b - 3*b + 420 = 0. Let p be (-3)/(-2)*(-7)/(f/(-650)). Let r = p - -22. What are the prime factors of r?
3, 29
Suppose 2*u = -5*j - 1087, 2*u + 22*j + 1066 = 24*j. Let m = u + 1293. What are the prime factors of m?
757
Let k(l) = -25*l**3 - 4*l**2 - 5*l + 3. Let z(m) = -m**2 - 34*m - 291. Let y be z(-17). List the prime factors of k(y).
197
Let k(d) be the third derivative of d**6/120 + 4*d**5/15 + 3*d**4/4 + 9*d**3/2 - 12*d**2. List the prime factors of k(-11).
2, 7, 31
What are the prime factors of 9/(27/20904) + (-18)/3?
2, 59
Let y(d) = -944*d + 74. Let u(k) = k**3 - 22*k**2 - 50*k + 46. Let r be u(24). List the prime factors of y(r).
2, 3, 109
Let h = -213 + 216. Suppose -3*t + 801 = h*d - 0*t, 4*d - 5*t - 1104 = 0. List the prime factors of d.
271
Suppose -141*c + 13146 = -139*c. List the prime factors of c.
3, 7, 313
Let z(g) = 2*g**3 + 4*g**2 - 51*g - 15. List the prime factors of z(16).
3, 5, 13, 43
Let u be ((-3)/3 - 4) + 2960. Suppose -5*a + u = 5*w, 5*a - 2360 = -5*w + w. What are the prime factors of w?
5, 7, 17
Let v be ((-6)/(-4))/(2/12 + 0). Suppose v*w - 29*w = -26100. List the prime factors of w.
3, 5, 29
Let f = -1018 + 3473. What are the prime fac